{"id":55,"date":"2016-05-10T23:04:28","date_gmt":"2016-05-10T22:04:28","guid":{"rendered":"http:\/\/www.ict.mazuch.net\/subdom\/ict\/?page_id=55"},"modified":"2017-03-07T10:32:03","modified_gmt":"2017-03-07T09:32:03","slug":"uvodni-stranka","status":"publish","type":"page","link":"https:\/\/www.ict.mazuch.net\/subdom\/ict\/","title":{"rendered":"\u00davodn\u00ed str\u00e1nka"},"content":{"rendered":"<div class=\"pdfprnt-buttons pdfprnt-buttons-page pdfprnt-top-right\"><a href=\"https:\/\/www.ict.mazuch.net\/subdom\/ict\/wp-json\/wp\/v2\/pages\/55?print=pdf\" class=\"pdfprnt-button pdfprnt-button-pdf\" target=\"_blank\"><img src=\"https:\/\/www.ict.mazuch.net\/subdom\/ict\/wp-content\/plugins\/pdf-print\/images\/pdf.png\" alt=\"image_pdf\" title=\"View PDF\" \/><\/a><a href=\"https:\/\/www.ict.mazuch.net\/subdom\/ict\/wp-json\/wp\/v2\/pages\/55?print=print\" class=\"pdfprnt-button pdfprnt-button-print\" target=\"_blank\"><img src=\"https:\/\/www.ict.mazuch.net\/subdom\/ict\/wp-content\/plugins\/pdf-print\/images\/print.png\" alt=\"image_print\" title=\"Print Content\" \/><\/a><\/div><p>V\u00edtejte na webu! \ud83d\ude42<\/p>\n<p>Pou\u017e\u00edv\u00e1me <a href=\"https:\/\/cs.wikipedia.org\/wiki\/Syst%C3%A9m_pro_spr%C3%A1vu_obsahu\">CMS <\/a>syst\u00e9m <a href=\"https:\/\/cs.wikipedia.org\/wiki\/WordPress\">WordPress<\/a><\/p>\n<h2>Rozcestn\u00edk<\/h2>\n<ul>\n<li><a href=\"http:\/\/www.jakpsatweb.cz\/\">http:\/\/www.jakpsatweb.cz\/<\/a>\u00a0&#8211; Jak ps\u00e1t web &#8211; HTML snadno a jednodu\u0161\u0161e\u00a0<span class=\"su-label su-label-type-default\">HTML<\/span><span class=\"su-label su-label-type-default\">CSS<\/span><\/li>\n<li><a href=\"http:\/\/www.linuxsoft.cz\/article.php?id_article=854\">http:\/\/www.linuxsoft.cz\/article.php?id_article=854<\/a>\u00a0&#8211; Linuxsoft.cz &#8211;\u00a0MySQL (23) &#8211; relace 1:N a N:N\u00a0<span class=\"su-label su-label-type-default\">SQL<\/span><\/li>\n<li><a href=\"http:\/\/www.php.net\" target=\"_blank\">http:\/\/www.php.net<\/a> &#8211; php.net &#8211; ofici\u00e1ln\u00ed str\u00e1nky PHP, podpora\u00a0<span class=\"su-label su-label-type-default\">PHP<\/span><\/li>\n<li><a href=\"http:\/\/office.lasakovi.com\/\">http:\/\/office.lasakovi.com\/<\/a>\u00a0&#8211; Web o MS Office &#8211; zejm\u00e9ny tipy a rady pro Excel\u00a0<span class=\"su-label su-label-type-default\">Excel<\/span><span class=\"su-label su-label-type-default\">Word<\/span><\/li>\n<li><a href=\"https:\/\/secure.instantssl.com\/products\/frontpage?area=SecureEmailCertificate\">https:\/\/secure.instantssl.com\/products\/frontpage?area=SecureEmailCertificate<\/a> &#8211; Tvorba elektronick\u00e9ho podpisu<\/li>\n<li><a href=\"http:\/\/www.stoppiratstvi.cz\/file\/edee\/pdf\/stahovani.pdf\">http:\/\/www.stoppiratstvi.cz\/file\/edee\/pdf\/stahovani.pdf<\/a><\/li>\n<li><a href=\"http:\/\/cs.wikipedia.org\/wiki\/GNU_General_Public_License\">http:\/\/cs.wikipedia.org\/wiki\/GNU_General_Public_License<\/a><\/li>\n<li><a href=\"http:\/\/cs.wikipedia.org\/wiki\/GNU_Lesser_General_Public_License\">http:\/\/cs.wikipedia.org\/wiki\/GNU_Lesser_General_Public_License<\/a><\/li>\n<\/ul>\n<p>&nbsp;<\/p>\n<div class=\"su-button-center\"><a href=\"https:\/\/www.ict.mazuch.net\/subdom\/ict\/kontakt\/\" class=\"su-button su-button-style-bubbles su-button-wide\" style=\"color:#FFFFFF;background-color:#2D89EF;border-color:#246ec0;border-radius:50px;-moz-border-radius:50px;-webkit-border-radius:50px\" target=\"_self\"><span style=\"color:#FFFFFF;padding:8px 24px;font-size:18px;line-height:27px;border-color:#6cadf4;border-radius:50px;-moz-border-radius:50px;-webkit-border-radius:50px;text-shadow:none;-moz-text-shadow:none;-webkit-text-shadow:none\"><i class=\"sui sui-comment-o\" style=\"font-size:18px;color:#FFFFFF\"><\/i> Chci doplnit obsah webu!<\/span><\/a><\/div>\n<p>&nbsp;<\/p>\n","protected":false},"excerpt":{"rendered":"<p>V\u00edtejte na webu! \ud83d\ude42 Pou\u017e\u00edv\u00e1me CMS syst\u00e9m WordPress Rozcestn\u00edk http:\/\/www.jakpsatweb.cz\/\u00a0&#8211; Jak ps\u00e1t web &#8211; HTML snadno a jednodu\u0161\u0161e\u00a0 http:\/\/www.linuxsoft.cz\/article.php?id_article=854\u00a0&#8211; Linuxsoft.cz &#8211;\u00a0MySQL (23) &#8211; relace 1:N a N:N\u00a0 http:\/\/www.php.net &#8211; php.net &#8211; ofici\u00e1ln\u00ed str\u00e1nky PHP, podpora\u00a0 http:\/\/office.lasakovi.com\/\u00a0&#8211; Web o MS Office &#8211; zejm\u00e9ny tipy a rady pro Excel\u00a0 https:\/\/secure.instantssl.com\/products\/frontpage?area=SecureEmailCertificate &#8211; Tvorba elektronick\u00e9ho podpisu http:\/\/www.stoppiratstvi.cz\/file\/edee\/pdf\/stahovani.pdf http:\/\/cs.wikipedia.org\/wiki\/GNU_General_Public_License http:\/\/cs.wikipedia.org\/wiki\/GNU_Lesser_General_Public_License <a class=\"read-more\" href=\"https:\/\/www.ict.mazuch.net\/subdom\/ict\/\">[&hellip;]<\/a><\/p>\n","protected":false},"author":1,"featured_media":0,"parent":0,"menu_order":0,"comment_status":"closed","ping_status":"closed","template":"","meta":{"footnotes":""},"wppr_data":{"cwp_meta_box_check":"No"},"_links":{"self":[{"href":"https:\/\/www.ict.mazuch.net\/subdom\/ict\/wp-json\/wp\/v2\/pages\/55"}],"collection":[{"href":"https:\/\/www.ict.mazuch.net\/subdom\/ict\/wp-json\/wp\/v2\/pages"}],"about":[{"href":"https:\/\/www.ict.mazuch.net\/subdom\/ict\/wp-json\/wp\/v2\/types\/page"}],"author":[{"embeddable":true,"href":"https:\/\/www.ict.mazuch.net\/subdom\/ict\/wp-json\/wp\/v2\/users\/1"}],"replies":[{"embeddable":true,"href":"https:\/\/www.ict.mazuch.net\/subdom\/ict\/wp-json\/wp\/v2\/comments?post=55"}],"version-history":[{"count":8,"href":"https:\/\/www.ict.mazuch.net\/subdom\/ict\/wp-json\/wp\/v2\/pages\/55\/revisions"}],"predecessor-version":[{"id":157,"href":"https:\/\/www.ict.mazuch.net\/subdom\/ict\/wp-json\/wp\/v2\/pages\/55\/revisions\/157"}],"wp:attachment":[{"href":"https:\/\/www.ict.mazuch.net\/subdom\/ict\/wp-json\/wp\/v2\/media?parent=55"}],"curies":[{"name":"wp","href":"https:\/\/api.w.org\/{rel}","templated":true}]}}